ainder when 3531091 is divided by 446.
109
What is the remainder when 19361139 is divided by 71?
7
What is the remainder when 863023 is divided by 63?
49
What is the remainder when 162361 is divided by 162326?
35
What is the remainder when 1387266 is divided by 462376?
138
What is the remainder when 1758 is divided by 292?
6
Calculate the remainder when 3416414 is divided by 90.
14
What is the remainder when 55584143 is divided by 442?
433
What is the remainder when 445981074 is divided by 13?
6
Calculate the remainder when 71523761 is divided by 167.
166
Calculate the remainder when 5481255 is divided by 391518.
3
What is the remainder when 3519392 is divided by 108?
104
What is the remainder when 38777 is divided by 12685?
722
Calculate the remainder when 2096968871 is divided by 473.
470
What is the remainder when 80684 is divided by 16125?
59
Calculate the remainder when 125841 is divided by 1357.
997
What is the remainder when 21783 is divided by 6994?
801
What is the remainder when 116577 is divided by 28720?
1697
Calculate the remainder when 14547062 is divided by 9653.
9644
Calculate the remainder when 4449338 is divided by 889863.
23
Calculate the remainder when 84665 is divided by 2555.
350
Calculate the remainder when 93371 is divided by 46240.
891
What is the remainder when 136472 is divided by 822?
20
What is the remainder when 19064833 is divided by 45?
43
What is the remainder when 22354923 is divided by 1732?
1731
Calculate the remainder when 164544 is divided by 4014.
3984
Calculate the remainder when 131330162 is divided by 208.
2
Calculate the remainder when 699278 is divided by 100.
78
Calculate the remainder when 1367279 is divided by 240.
239
What is the remainder when 53435 is divided by 1741?
1205
Calculate the remainder when 211270 is divided by 28899.
8977
What is the remainder when 95787 is divided by 237?
39
Calculate the remainder when 27697493 is divided by 29.
28
Calculate the remainder when 4343371 is divided by 892.
223
What is the remainder when 573850 is divided by 44141?
17
Calculate the remainder when 169691 is divided by 8459.
511
What is the remainder when 1169662 is divided by 31?
1
What is the remainder when 1803102 is divided by 4821?
48
What is the remainder when 1091300 is divided by 2161?
2156
Calculate the remainder when 235627 is divided by 116998.
1631
What is the remainder when 3827841 is divided by 255168?
321
Calculate the remainder when 2151750 is divided by 23388.
54
Calculate the remainder when 6155276 is divided by 615527.
6
What is the remainder when 10006094 is divided by 1639?
1638
Calculate the remainder when 126783 is divided by 549.
513
Calculate the remainder when 11698133 is divided by 3899374.
11
What is the remainder when 339749 is divided by 113217?
98
What is the remainder when 49011 is divided by 14981?
4068
Calculate the remainder when 3529990 is divided by 3529471.
519
Calculate the remainder when 1095259 is divided by 109522.
39
What is the remainder when 53204 is divided by 440?
404
Calculate the remainder when 678976 is divided by 79.
50
Calculate the remainder when 3445013 is divided by 1492.
1477
Calculate the remainder when 57240 is divided by 898.
666
What is the remainder when 397542 is divided by 26372?
1962
What is the remainder when 12948589 is divided by 719366?
1
Calculate the remainder when 99615136 is divided by 24.
16
Calculate the remainder when 1827881 is divided by 1252.
1213
Calculate the remainder when 18579215 is divided by 1227.
1208
What is the remainder when 251827 is divided by 7034?
5637
What is the remainder when 31473022 is divided by 352?
350
Calculate the remainder when 45612100 is divided by 60.
40
What is the remainder when 249032 is divided by 82983?
83
Calculate the remainder when 119275 is divided by 70.
65
What is the remainder when 1372115 is divided by 436?
23
Calculate the remainder when 116483 is divided by 115279.
1204
What is the remainder when 357283818 is divided by 4154463?
0
What is the remainder when 687392129 is divided by 1545?
1544
What is the remainder when 56899211 is divided by 104?
83
Calculate the remainder when 171764 is divided by 85693.
378
Calculate the remainder when 121261 is divided by 596.
273
Calculate the remainder when 1303191 is divided by 62.
13
Calculate the remainder when 39879 is divided by 3952.
359
What is the remainder when 659523 is divided by 219840?
3
What is the remainder when 157383730 is divided by 3531?
3529
What is the remainder when 317663 is divided by 4224?
863
Calculate the remainder when 119668 is divided by 1930.
8
Calculate the remainder when 39469296 is divided by 9867318.
24
Calculate the remainder when 6509698 is divided by 504.
34
What is the remainder when 58154090 is divided by 16?
10
What is the remainder when 99133971 is divided by 4720665?
6
Calculate the remainder when 399769 is divided by 12.
1
Calculate the remainder when 1690032 is divided by 73.
9
What is the remainder when 369556 is divided by 234?
70
What is the remainder when 1983343 is divided by 6418?
181
Calculate the remainder when 3369301 is divided by 3719.
3606
What is the remainder when 15674619 is divided by 877?
875
What is the remainder when 11109013 is divided by 305?
303
Calculate the remainder when 501886 is divided by 100324.
266
Calculate the remainder when 82291984 is divided by 36.
16
Calculate the remainder when 9934292 is divided by 399.
389
Calculate the remainder when 1640096 is divided by 42.
38
What is the remainder when 3162306 is divided by 58561?
12
Calculate the remainder when 51463185 is divided by 126.
123
What is the remainder when 10545522 is divided by 492?
486
What is the remainder when 36201 is divided by 2262?
9
Calculate the remainder when 3800879 is divided by 174.
23
Calculate the remainder when 2225698 is divided by 278182.
242
What is the remainder when 14546 is divided by 11?
4
What is the remainder when 12250 is divided by 4145?
3960
What is the remainder when 188525 is divided by 1430?
1195
What is the remainder when 469195625 is divided by 131?
130
Calculate the remainder when 75928 is divided by 95.
23
Calculate the remainder when 92503528 is divided by 6.
4
Calculate the remainder when 297942 is divided by 10071.
5883
What is the remainder when 1073089 is divided by 964?
157
Calculate the remainder when 599643 is divided by 6812.
187
Calculate the remainder when 1276480 is divided by 85098.
10
Calculate the remainder when 3618494 is divided by 2105.
2104
What is the remainder when 223678 is divided by 111106?
1466
Calculate the remainder when 10035371 is divided by 204.
203
What is the remainder when 2460379 is divided by 836?
31
Calculate the remainder when 10587225 is divided by 51.
33
What is the remainder when 11434615 is divided by 247?
244
Calculate the remainder when 2419668 is divided by 2311.
51
Calculate the remainder when 161006 is divided by 511.
41
What is the remainder when 517651 is divided by 3045?
1
What is the remainder when 1024928 is divided by 2298?
20
What is the remainder when 1605300 is divided by 39?
21
Calculate the remainder when 18096791 is divided by 149.
145
Calculate the remainder when 4940124 is divided by 3.
0
Calculate the remainder when 424233 is divided by 2041.
1746
What is the remainder when 242135 is divided by 120865?
405
Calculate the remainder when 898434 is divided by 188.
170
Calculate the remainder when 11498600 is divided by 10501.
5
What is the remainder when 16947811 is divided by 1679?
1664
What is the remainder when 5611947 is divided by 1828?
1815
What is the remainder when 332719 is divided by 444?
163
What is the remainder when 76623518 is divided by 8410?
8
Calculate the remainder when 77015890 is divided by 1037.
1011
Calculate the remainder when 20499 is divided by 4929.
783
What is the remainder when 84210612 is divided by 16842119?
17
What is the remainder when 50418511 is divided by 230?
211
What is the remainder when 111770 is divided by 18626?
14
Calculate the remainder when 23099505 is divided by 240.
225
What is the remainder when 27865397 is divided by 609?
602
Calculate the remainder when 3350552 is divided by 22.
18
Calculate the remainder when 7624007 is divided by 626.
579
What is the remainder when 95